{"id":47,"date":"2025-04-06T11:02:31","date_gmt":"2025-04-06T09:02:31","guid":{"rendered":"https:\/\/thierry-despretz.be\/?page_id=47"},"modified":"2025-05-10T09:46:52","modified_gmt":"2025-05-10T07:46:52","slug":"questions-ecrites-conseil-communal","status":"publish","type":"page","link":"https:\/\/thierry-despretz.be\/index.php\/questions-ecrites-conseil-communal\/","title":{"rendered":"Questions \u00e9crites Conseil communal"},"content":{"rendered":"\n<p><strong>Question \u00e9crite<\/strong><\/p>\n\n\n\n<p><strong>Base r\u00e9glementaire:&nbsp;<\/strong><strong>Art. 75 \u00e0 77 du ROI<\/strong><\/p>\n\n\n\n<p><strong>Groupe d\u00e9posant:&nbsp;<\/strong><strong>PTB<\/strong><\/p>\n\n\n\n<p><strong>Conseiller:&nbsp;<\/strong><strong>Thierry Despretz<\/strong><\/p>\n\n\n\n<p><strong>Date de d\u00e9p\u00f4t:&nbsp;<\/strong><strong>&nbsp; 09- 05 -2025<\/strong><\/p>\n\n\n\n<p><strong>Destination:&nbsp;<\/strong><strong>Bourgmestre d\u2019Ath<\/strong><\/p>\n\n\n\n<p><strong>Titre: Etat de la dalle comm\u00e9morative aux cheminots victimes de la guerre 40-45 dans le tunnel de la gare d\u2019Ath<\/strong><\/p>\n\n\n\n<p><strong>Contexte: Voici une photo de la dalle intacte<\/strong><\/p>\n\n\n\n<figure class=\"wp-block-image\"><img decoding=\"async\" src=\"https:\/\/lh7-rt.googleusercontent.com\/docsz\/AD_4nXfq4gj4EKwr_2v_66NWuXFDjHJoLX_fiXAaJ8BpbynDrKoRFiPNia-pn2HbqWZvl5cvCMyz5hCf6e2zVZHRknH5nlT1R3PA0ENZoV1vLFsNPBZRq3P4Rm0bvhY00vHJmEoW7ppxeg?key=EJZNNBVWSK7fh3hg4hCKxaym\" alt=\"\"\/><\/figure>\n\n\n\n<p><strong>Voici son \u00e9tat actuel\u2026<\/strong><\/p>\n\n\n\n<figure class=\"wp-block-image\"><img decoding=\"async\" src=\"https:\/\/lh7-rt.googleusercontent.com\/docsz\/AD_4nXewwtOoBt7DPXIVGmo2UxhS0H4UjWzjBrimBl8UHBllyygC5UP6OtLzcRM-TRAp7vv_bAcSQxmT30Ipb-A3c5kN2gyUy0qssEy2L-Qfa4tlsl1mdnxzrq5FLhIZSpWnbI1mQ78RrA?key=EJZNNBVWSK7fh3hg4hCKxaym\" alt=\"\"\/><\/figure>\n\n\n\n<p>Il n\u2019y a pas grand chose \u00e0 dire\u2026<\/p>\n\n\n\n<p>Pouvez-vous intervenir, je ne sais pas qui a la responsabilit\u00e9 de cette dalle comm\u00e9morative?<\/p>\n\n\n\n<p><strong>Je vous remercie par avance pour vos r\u00e9ponses,<\/strong><\/p>\n","protected":false},"excerpt":{"rendered":"<p>Question \u00e9crite Base r\u00e9glementaire:&nbsp;Art. 75 \u00e0 77 du ROI Groupe d\u00e9posant:&nbsp;PTB Conseiller:&nbsp;Thierry Despretz Date de d\u00e9p\u00f4t:&nbsp;&nbsp; 09- 05 -2025 Destination:&nbsp;Bourgmestre d\u2019Ath Titre: Etat de la dalle comm\u00e9morative aux cheminots victimes de la guerre 40-45 dans le tunnel de la gare d\u2019Ath Contexte: Voici une photo de la dalle intacte Voici son \u00e9tat actuel\u2026 Il n\u2019y [&hellip;]<\/p>\n","protected":false},"author":1,"featured_media":0,"parent":0,"menu_order":0,"comment_status":"closed","ping_status":"closed","template":"","meta":{"iawp_total_views":7,"footnotes":""},"class_list":["post-47","page","type-page","status-publish","hentry"],"_links":{"self":[{"href":"https:\/\/thierry-despretz.be\/index.php\/wp-json\/wp\/v2\/pages\/47","targetHints":{"allow":["GET"]}}],"collection":[{"href":"https:\/\/thierry-despretz.be\/index.php\/wp-json\/wp\/v2\/pages"}],"about":[{"href":"https:\/\/thierry-despretz.be\/index.php\/wp-json\/wp\/v2\/types\/page"}],"author":[{"embeddable":true,"href":"https:\/\/thierry-despretz.be\/index.php\/wp-json\/wp\/v2\/users\/1"}],"replies":[{"embeddable":true,"href":"https:\/\/thierry-despretz.be\/index.php\/wp-json\/wp\/v2\/comments?post=47"}],"version-history":[{"count":2,"href":"https:\/\/thierry-despretz.be\/index.php\/wp-json\/wp\/v2\/pages\/47\/revisions"}],"predecessor-version":[{"id":63,"href":"https:\/\/thierry-despretz.be\/index.php\/wp-json\/wp\/v2\/pages\/47\/revisions\/63"}],"wp:attachment":[{"href":"https:\/\/thierry-despretz.be\/index.php\/wp-json\/wp\/v2\/media?parent=47"}],"curies":[{"name":"wp","href":"https:\/\/api.w.org\/{rel}","templated":true}]}}