{"id":9,"date":"2025-01-12T10:09:58","date_gmt":"2025-01-12T09:09:58","guid":{"rendered":"https:\/\/thierry-despretz.be\/?page_id=9"},"modified":"2025-01-12T10:09:58","modified_gmt":"2025-01-12T09:09:58","slug":"accueil","status":"publish","type":"page","link":"https:\/\/thierry-despretz.be\/index.php\/accueil\/","title":{"rendered":"Un regard marxiste sur notre monde"},"content":{"rendered":"\n<h1 class=\"wp-block-heading\">Accueil<\/h1>\n\n\n\n<p>Camarades, ami(e)s, visiteurs curieux,<\/p>\n\n\n\n<p>Je vous souhaite la bienvenue sur ce blog, n\u00e9 de ma volont\u00e9 de partager une vision du monde forg\u00e9e par des d\u00e9cennies d&#8217;engagement et d&#8217;observations. Apr\u00e8s une carri\u00e8re comme conducteur de train, aujourd&#8217;hui retrait\u00e9 et conseiller communal PTB \u00e0 Ath, j&#8217;ai d\u00e9cid\u00e9 de prendre la plume num\u00e9rique pour transmettre ma pens\u00e9e et mes analyses.<\/p>\n\n\n\n<p>Le marxisme n&#8217;est pas pour moi une simple th\u00e9orie poussi\u00e9reuse, mais une grille de lecture vivante et pertinente pour comprendre notre monde contemporain. \u00c0 travers ce blog, je souhaite d\u00e9montrer comment cette analyse reste d&#8217;une actualit\u00e9 br\u00fblante pour d\u00e9crypter les crises que nous traversons, qu&#8217;elles soient \u00e9conomiques, sociales ou environnementales.<\/p>\n\n\n\n<p>En tant que militant de terrain et \u00e9lu local, je ne me contenterai pas de th\u00e9ories abstraites. Je partagerai mes r\u00e9flexions sur l&#8217;actualit\u00e9 politique, mes exp\u00e9riences concr\u00e8tes de lutte, et mes analyses des \u00e9v\u00e9nements locaux et internationaux. Mon objectif est de participer \u00e0 rendre le marxisme accessible et de montrer son utilit\u00e9 pratique pour comprendre et transformer notre soci\u00e9t\u00e9.<\/p>\n\n\n\n<p>Ce blog sera \u00e9galement un espace o\u00f9 je pourrai aborder mes autres passions : l&#8217;informatique, la science, la g\u00e9n\u00e9alogie et la cuisine. Car \u00eatre marxiste, c&#8217;est aussi comprendre que l&#8217;\u00eatre humain est multiple et que la culture, sous toutes ses formes, est un outil d&#8217;\u00e9mancipation.<\/p>\n\n\n\n<p>Je souhaite que cet espace devienne un lieu d&#8217;\u00e9change, de d\u00e9bat et de transmission. Dans un monde o\u00f9 l&#8217;individualisme et le profit r\u00e8gnent en ma\u00eetres, il est plus que jamais n\u00e9cessaire de construire des ponts, de partager des id\u00e9es et de maintenir vivante la flamme de la pens\u00e9e critique et de l&#8217;espoir en un monde meilleur.<\/p>\n\n\n\n<p>Bienvenue dans cette aventure intellectuelle et militante. Ensemble, analysons le monde pour mieux le transformer.<\/p>\n\n\n\n<p><em>&#8220;Les philosophes n&#8217;ont fait qu&#8217;interpr\u00e9ter le monde de diff\u00e9rentes mani\u00e8res, ce qui importe c&#8217;est de le transformer.&#8221; &#8211; Karl Marx<\/em><\/p>\n","protected":false},"excerpt":{"rendered":"<p>Accueil Camarades, ami(e)s, visiteurs curieux, Je vous souhaite la bienvenue sur ce blog, n\u00e9 de ma volont\u00e9 de partager une vision du monde forg\u00e9e par des d\u00e9cennies d&#8217;engagement et d&#8217;observations. Apr\u00e8s une carri\u00e8re comme conducteur de train, aujourd&#8217;hui retrait\u00e9 et conseiller communal PTB \u00e0 Ath, j&#8217;ai d\u00e9cid\u00e9 de prendre la plume num\u00e9rique pour transmettre ma [&hellip;]<\/p>\n","protected":false},"author":1,"featured_media":10,"parent":0,"menu_order":0,"comment_status":"closed","ping_status":"closed","template":"","meta":{"iawp_total_views":7,"footnotes":""},"class_list":["post-9","page","type-page","status-publish","has-post-thumbnail","hentry"],"_links":{"self":[{"href":"https:\/\/thierry-despretz.be\/index.php\/wp-json\/wp\/v2\/pages\/9","targetHints":{"allow":["GET"]}}],"collection":[{"href":"https:\/\/thierry-despretz.be\/index.php\/wp-json\/wp\/v2\/pages"}],"about":[{"href":"https:\/\/thierry-despretz.be\/index.php\/wp-json\/wp\/v2\/types\/page"}],"author":[{"embeddable":true,"href":"https:\/\/thierry-despretz.be\/index.php\/wp-json\/wp\/v2\/users\/1"}],"replies":[{"embeddable":true,"href":"https:\/\/thierry-despretz.be\/index.php\/wp-json\/wp\/v2\/comments?post=9"}],"version-history":[{"count":1,"href":"https:\/\/thierry-despretz.be\/index.php\/wp-json\/wp\/v2\/pages\/9\/revisions"}],"predecessor-version":[{"id":11,"href":"https:\/\/thierry-despretz.be\/index.php\/wp-json\/wp\/v2\/pages\/9\/revisions\/11"}],"wp:featuredmedia":[{"embeddable":true,"href":"https:\/\/thierry-despretz.be\/index.php\/wp-json\/wp\/v2\/media\/10"}],"wp:attachment":[{"href":"https:\/\/thierry-despretz.be\/index.php\/wp-json\/wp\/v2\/media?parent=9"}],"curies":[{"name":"wp","href":"https:\/\/api.w.org\/{rel}","templated":true}]}}